-30
Suppose -3*t + 6*t = -3, -5*a = 5*t - 5. Let v(i) = -41*i + i**a - 17*i + 53*i + 2. Let x(u) = 4*u**2 - u. Let l be x(-1). Calculate v(l).
2
Let m(a) = 7*a**2 + 6*a - 4. Let q(k) = 64*k**2 + 1 - 128*k**2 + 1 + 55*k**2 - 6*k. Let y(p) = 4*m(p) + 3*q(p). Give y(-7).
-3
Let w(b) = b**3 - 7*b**2 - 9*b + 12. Let a be w(8). Suppose -a*z - 112 = -132. Let g(v) = 2*v**2 - 6*v - 6. Determine g(z).
14
Let g(p) = -p - 20. Let h(a) = -a**2 - 18*a - 241. Let t(l) = -12*g(l) + h(l). Let j = 2 + -2. Let s be (1 - -1)*(-2 + j). What is t(s)?
7
Let j(z) = -z**3 + 2*z**2 + 2*z - 6. Let r = -260 + 260. Determine j(r).
-6
Let p(l) = l. Let n be p(9). Let q be (-6)/n*-6 - (-2)/(-1). Let v be (2 + (-3)/q)*-14*1. Let t(k) = k + 1. What is t(v)?
-6
Let t be (2/(-6))/((-9)/540). Let p = t + -18. Let h be (-2)/(8/(-2 - p)). Let a(d) = -3*d**3 - 2*d**2 + 2*d - 1. Determine a(h).
-4
Let j(q) = -q**3 + 5*q**2 + 7*q - 4. Let s = -26 - -24. Let h(x) = 0*x**3 - 15*x + 0*x**3 - 10*x**2 + 9 + 2*x**3. Let b(n) = s*h(n) - 5*j(n). What is b(6)?
8
Let x be -18*-3*(-12)/(-8). Suppose -3*j + x = 3*f, -2*f - j + 59 = 2*j. Let c(d) = -d + 21. Let g be c(f). Let o(q) = -7*q**2 + 1. What is o(g)?
-6
Let g(j) = -j + 4. Let a = 274 + -269. Suppose a*d - 6*f = -4*f - 20, 2*d = 5*f - 8. Determine g(d).
8
Let d = -5815 + 5816. Let c(w) = -3*w + 12. What is c(d)?
9
Let r(x) = -3*x**2 - 25*x + 26. Let w(g) = 23*g**2 + 177*g - 181. Let k(h) = -15*r(h) - 2*w(h). What is k(19)?
10
Suppose 39*k - 40*k + 4*l = -23, 0 = -4*k + 5*l + 37. Let h(o) = 3*o - 2*o + 7*o + 3. Give h(k).
27
Let m = -291 + 228. Let j = -57 - m. Let t(u) = u**2 - u - 1. Let l(c) = 5*c**2 - 5*c - 9. Let y(p) = l(p) - 4*t(p). Calculate y(j).
25
Let u(i) = -i**2 - 24*i - 3. Let j = 8781 + -8799. Give u(j).
105
Let y = 625 + -629. Let t be 1/((y - -1)/3*1). Let q(k) = -19*k**3 - k. Determine q(t).
20
Let d(u) = -1. Let f(h) = -h**3 + 6*h**2 - h + 1. Let r(w) = d(w) - f(w). Let a be (-576)/(-3 - 0) + (-3 - -1). Let l = a - 184. Give r(l).
4
Let u = -3 - -5. Suppose 9 = u*k - 5*n, -k + 4*n = 8*n + 2. Let o(h) = 0 - k*h + 6 + 2 - 2. What is o(6)?
-6
Let q(c) be the third derivative of c**6/120 - c**5/20 - c**4/3 - 2*c**3 - 1831*c**2. What is q(5)?
-2
Let j(f) = -f**2 + 28*f - 113. Suppose -8 = 6*a - 85 - 61. What is j(a)?
2
Let b(q) = 1 + 6*q + q**2 + 1 + 2 - 2. Let t = -24414 - -24408. Give b(t).
2
Let w(f) be the first derivative of f**4 - 4*f**3/3 - 812. Calculate w(-1).
-8
Let a(b) = 24*b**2 + 35*b + 11. Let x(j) be the second derivative of j**4 + 19*j**3/6 + 3*j**2 + 6*j + 2. Let f(t) = 6*a(t) - 11*x(t). Determine f(-1).
11
Let h(p) = -10*p - 112. Suppose 2*w = -4*o - 54, 24 = -3*o - 9*w + 13*w. Calculate h(o).
8
Let s(w) be the first derivative of 7*w**4/24 - w**3 + 17*w**2 - 54. Let u(a) be the second derivative of s(a). What is u(-5)?
-41
Let x be ((-144)/(-120))/(0 - (18/(-40))/3). Let w(d) = -d**2 + 12*d - 20. Determine w(x).
12
Let c(d) be the first derivative of d**4/4 + 10*d**3/3 + 21*d**2/2 - 9*d + 714. Determine c(-7).
-9
Let y(g) be the second derivative of 2/3*g**4 + 1/20*g**5 - 9*g + 5/6*g**3 + 0 - 3/2*g**2. Determine y(-7).
11
Suppose -102*k + 113 + 871 = -594*k. Let u(j) = 19*j**3 + j**2 - 2*j - 2. Determine u(k).
-146
Suppose 218*m + 616 + 256 = 0. Let n(x) = 19*x + 13. Calculate n(m).
-63
Suppose 15*f = -54*f - 138. Let o(v) = -4*v - 17. Calculate o(f).
-9
Suppose -494 = c + h - 488, 0 = -2*c - 4*h - 6. Let a(i) be the third derivative of i**6/120 + 2*i**5/15 - i**4/3 - 4*i**3/3 - 3*i**2. Determine a(c).
-17
Let m = -166 + 160. Let b be 2*((-48)/(-8))/m. Let a(c) = 11*c**2 - 2*c - 3. Determine a(b).
45
Let a(m) = -m**3 - 11*m**2 + 4. Suppose -4*t - 45 = -5*s, -s + 5*t - 7 + 37 = 0. Let c be -1 + -14 - s/(-10)*0. Let b be 3 + 50/c + (-64)/6. Determine a(b).
4
Let w(u) = 9*u - 23. Suppose 21*c + 13937 = 13790. Give w(c).
-86
Let b(n) = 4*n**2 - 41*n + 6. Let m be (-81 - -111)/(-1 - -4). Calculate b(m).
-4
Let h(f) be the first derivative of f**4/4 - 7*f**3/3 - f**2/2 - 2*f + 705. Give h(8).
54
Let t(p) = 4*p**2 - p + 1. Let v(i) = -11*i**2 - 2*i - 2. Let d(n) = -3*t(n) - v(n). Let q(c) = c**2 - 3*c - 5. Let f be q(5). What is d(f)?
-1
Let a(q) = 5*q - 1 + q + 6*q - q**2. Let w(c) = -c**3 + 30*c**2 + 261*c + 24. Let f be w(-7). Determine a(f).
19
Let m(l) be the first derivative of -l**4/4 - 8*l**3/3 - 3*l**2 - l - 1072. Calculate m(-7).
-8
Let s(m) be the third derivative of -m**6/120 + 2*m**5/5 + 9*m**4/8 - 20*m**3/3 - 2113*m**2 + 2. Calculate s(25).
10
Suppose -944 = 202*m - 194*m. Let t = m - -118. Let k(q) = -2*q**2 + q - 3. Determine k(t).
-3
Let v(x) = -x**3 - 4*x**2 - 4*x + 9. Let w(a) = 2*a**3 + 10*a**2 + 9*a - 19. Let c(t) = -9*v(t) - 4*w(t). Give c(4).
-5
Let g(b) = -b**2 + 4*b - 3. Let l = 23 + -35. Let p be (-3)/(l/104) + 0. Suppose 5*a - p = 2*a - 5*x, a = 3*x - 10. What is g(a)?
1
Let a(r) = -r**2 - 55*r + 890. Let y be a(-68). Let q(m) = m**3 - 8*m**2 + 14*m - 4. Calculate q(y).
8
Let n = 403 - 391. Let b(d) = 16*d**2 - n*d**2 + 2 - 3 - 8*d**2. Give b(3).
-37
Let y(a) be the first derivative of 9*a**2/2 - 16*a - 1188. Determine y(5).
29
Let i be ((-22)/55 - -4)/(2/100). Let z(o) = i - 362 + 184 - 4*o. Calculate z(4).
-14
Let p(c) = -76*c - 311. Suppose 0 = -k, 27*h - 24*h - 4*k + 12 = 0. Calculate p(h).
-7
Suppose -2*m - 17 = -13. Let g(x) = -31*x + 108. Let o(i) = 7*i - 27. Let z(f) = m*g(f) - 9*o(f). Give z(0).
27
Let c(x) = x**2 + 9*x + 17. Suppose -16*i = 5*r - 20*i + 39, r - 4*i + 27 = 0. What is c(r)?
-1
Let n = -1169 - -1172. Let h be 8 - (3 - 1)/(-2). Suppose 5*r + t - n*t = h, 1 = -r - t. Let g(a) = -3*a. Give g(r).
-3
Let g(l) = -l**3 + 53*l**2 - 57*l + 268. Let a be g(52). Let o(z) be the third derivative of 0*z - 5/24*z**4 + 0 - 7/6*z**3 + 1/60*z**5 + 4*z**2. Give o(a).
17
Let n(k) = -5*k - 120 - 6*k + 6*k + 140 - 9 - 13. Let p(r) = r**2 + r - 1. Let m be p(2). Give n(m).
-27
Let j(r) be the second derivative of 3 - 1/2*r**3 + 7/2*r**2 - 1/12*r**4 + 5*r. Give j(-5).
-3
Let f(j) = -7*j - 28. Let h(k) = 6*k + 22. Let s(n) = 2*f(n) + 3*h(n). Calculate s(4).
26
Let z = -88424 + 88424. Let f(x) be the first derivative of -1 + 0*x**2 - 19*x - 1/3*x**3. Determine f(z).
-19
Let r(l) = -6*l + 2. Let u(o) = -o. Let h(p) = -r(p) + 4*u(p). Suppose 14*s + 209 = -15*s + 325. Determine h(s).
6
Let k be (4/3)/((-4)/(-6)). Let b(w) = 11*w - 4. Let m(h) be the third derivative of h**4/4 - h**3/3 - h**2 - 23*h. Let q(d) = 3*b(d) - 5*m(d). Calculate q(k).
4
Let u(n) = -34*n - 39*n - 8 + 74*n. Let i = 77 + -67. Give u(i).
2
Let h(d) = -d**3 - 4*d**2 + d + 1. Suppose 0 = 3*p + 3, 0 = 2*b + 2*p + p - 41. Suppose -5*a - 10 = 0, b = -v - 2*v - 5*a. Determine h(v).
-3
Let w(n) = 6*n - 15. Suppose -182 = -15*x + 2*x - 247. Calculate w(x).
-45
Let x(l) = -19 - 6*l + l**2 + 11 + 5 + 2 + 4. Let s(f) = -f - 6. Let n be 70/(-8) + (-7)/28. Let j be s(n). Calculate x(j).
-6
Let t(g) be the first derivative of 2*g**2 + 11*g - 22. Let x be t(-5). Let z(q) = -q**2 - 9*q - 6. What is z(x)?
-6
Suppose -6*r + 21 - 63 = 0. Let a(o) = -17 + 7 + 5*o**2 + 41*o - 53*o. Let h(l) = -3*l**2 + 6*l + 5. Let x(p) = r*h(p) - 4*a(p). Give x(-5).
0
Let i(m) = 33986 - 67925 - 9*m + 33974. Calculate i(12).
-73
Suppose -3 = v + 4*i, 99*v - 100*v = -i - 2. Let h(o) = 32*o**3 - o**2 + 3*o - 1. What is h(v)?
33
Let m be 1 + (248/2)/(4/16). Let o = 508 - m. Let j(i) = i**2 - 11*i + 6. Give j(o).
6
Let m(k) be the second derivative of -k**4/12 + 3*k**3/2 - 9*k**2/2 + 229*k - 2. Let r be 3 + (0 + 2 - -29). Let z = r + -26. Calculate m(z).
-1
Let p(t) be the second derivative of -3*t**5/10 + t**4/12 - 8*t. Let f = -1849 - -1850. Give p(f).
-5
Suppose -4*s + s + 30 = 0. Let y(l) be the first derivative of -l**2/2 + 3*l + 2751. Give y(s).
-7
Let x(o) = 25 - 4 + 1868*o - 928*o - 932*o. What is x(-5)?
-19
Let u(o) be the third derivative of -19*o**6/120 - o**5/60 + o**4/24 + o**3/6 + o**2. Suppose -3*z + 9*w - 7*w = -1, -4 = -2*z + 3*w. Determine u(z).
18
Let p(m) = 180*m + 5227. Let y be p(-29). Let q(g) = -g**2 + 14. Give q(y).
-35
Let c(p) = -p**2 - 3*p + 1. Let t(q) be the second derivative of -q**4/12 - 8*q**3/3 + 11*q**2/2 - 154*q. Let z(i) = 2*c(i) - t(i). Determine z(7).
12
Let r(p) = -6*p**3 - 12*p**2 - 5*p - 1. Let c(h) = -h**3 - h**2 